{"id":111,"date":"2022-05-10T10:59:47","date_gmt":"2022-05-10T10:59:47","guid":{"rendered":"https:\/\/transbalkan.org\/platforma\/?page_id=111"},"modified":"2026-01-29T10:44:35","modified_gmt":"2026-01-29T10:44:35","slug":"dobrodoslie","status":"publish","type":"page","link":"https:\/\/transbalkan.org\/platforma\/","title":{"rendered":"Dobrodo\u0161lie na Trans Feministi\u010dku Platformu"},"content":{"rendered":"\n<div class=\"wp-block-media-text alignfull is-stacked-on-mobile is-vertically-aligned-top\" style=\"grid-template-columns:39% auto\"><figure class=\"wp-block-media-text__media\"><img fetchpriority=\"high\" decoding=\"async\" width=\"1024\" height=\"590\" src=\"https:\/\/transbalkan.org\/platforma\/wp-content\/uploads\/2024\/03\/Platforma-4-online-19-2-24-90-1024x590.png\" alt=\"\" class=\"wp-image-771 size-full\" srcset=\"https:\/\/transbalkan.org\/platforma\/wp-content\/uploads\/2024\/03\/Platforma-4-online-19-2-24-90-1024x590.png 1024w, https:\/\/transbalkan.org\/platforma\/wp-content\/uploads\/2024\/03\/Platforma-4-online-19-2-24-90-300x173.png 300w, https:\/\/transbalkan.org\/platforma\/wp-content\/uploads\/2024\/03\/Platforma-4-online-19-2-24-90-768x442.png 768w, https:\/\/transbalkan.org\/platforma\/wp-content\/uploads\/2024\/03\/Platforma-4-online-19-2-24-90-1536x884.png 1536w, https:\/\/transbalkan.org\/platforma\/wp-content\/uploads\/2024\/03\/Platforma-4-online-19-2-24-90-1200x691.png 1200w, https:\/\/transbalkan.org\/platforma\/wp-content\/uploads\/2024\/03\/Platforma-4-online-19-2-24-90.png 1572w\" sizes=\"(max-width: 1024px) 100vw, 1024px\" \/><\/figure><div class=\"wp-block-media-text__content\">\n<p class=\"has-text-align-left\" style=\"font-size:20px;font-style:normal;font-weight:500\"><strong>Na stranicama plaTForme imate priliku pogledati sadr\u017eaj na\u0161eg multimedijalnog magazina raspodijeljen po temama koje se nalaze na gornjem meniju. Magazin je tako\u0111er dostupan u digitalnoj formi pod rubrikom &#8220;Aktuelno&#8221; za direktno \u010ditanje i download, a za \u0161tampanu verziju nam se mo\u017eete obratiti putem e-maila na <a href=\"mailto:feminizam@transbalkan.org\" target=\"_blank\" rel=\"noreferrer noopener\">feminizam@transbalkan.org<\/a><\/strong> <br><br><a href=\"https:\/\/transbalkan.org\/platforma\/maj-svibanj-2022\/\" target=\"_blank\" rel=\"noopener\" title=\"(DE)PATOLOGIZACIJA\">Prvi broj: Depatologizacija<\/a><br><a href=\"https:\/\/transbalkan.org\/platforma\/februar-veljaca-2023\/\" target=\"_blank\" rel=\"noopener\" title=\"T(J)ELESNA AUTONOMIJA\">Drugi broj: T(j)elesna autonomija<\/a><br><a href=\"https:\/\/transbalkan.org\/platforma\/reprezentacija\/\" target=\"_blank\" rel=\"noopener\" title=\"\">Tre\u0107i broj: Reprezentacija<\/a><br><a href=\"https:\/\/transbalkan.org\/platforma\/solidarnost\/\" target=\"_blank\" rel=\"noopener\" title=\"\">\u010cetvrti broj: Solidarnost<\/a><br><a href=\"https:\/\/transbalkan.org\/platforma\/anti-rodni-pokreti-i-politike-iskljucivanja\/\" title=\"\">Peti broj: Anti-rodni pokreti i politike isklju\u010divanja<\/a><br><a href=\"https:\/\/transbalkan.org\/platforma\/transfeminizam-znacaj-gradenja-saveznistva\/\" title=\"\">\u0160esti broj: Transfeminizam: zna\u010daj gra\u0111enja savezni\u0161tva<\/a><br><a href=\"https:\/\/transbalkan.org\/platforma\/antifasizam-buducnosti\/\" title=\"Sedmi broj: Antifa\u0161izam budu\u0107nosti\">Sedmi broj: Antifa\u0161izam budu\u0107nosti<\/a><br><a href=\"https:\/\/transbalkan.org\/platforma\/oslobodenje-odmor-i-otpor-biljeske-o-tihoj-moci-ponovnog-povezivanja\/\" title=\"\">Osmi broj: Oslobo\u0111enje, odmor i otpor: bilje\u0161ke o tihoj mo\u0107i (ponovnog) povezivanja<\/a><\/p>\n<\/div><\/div>\n\n\n\n<p><\/p>\n\n\n\n<p><\/p>\n\n\n\n<p class=\"has-text-align-center has-small-font-size\" style=\"font-style:normal;font-weight:400\"><em>Regionalni multimedijalni magazin Trans Feministi\u010dka Platforma je dio ve\u0107eg istoimenog projekta koji regionalna organizacija Trans Mre\u017ea Balkan vodi u suradnji s Asocijacijom Spektra iz Podgorice, organizacijom kolekTIRV iz Zagreba i organizacijom Talas &#8211; TIRV iz Beograda<\/em><\/p>\n","protected":false},"excerpt":{"rendered":"<p>Na stranicama plaTForme imate priliku pogledati sadr\u017eaj na\u0161eg multimedijalnog magazina raspodijeljen po temama koje se nalaze na gornjem meniju. Magazin je tako\u0111er dostupan u digitalnoj formi pod rubrikom &#8220;Aktuelno&#8221; za direktno \u010ditanje i download, a za \u0161tampanu verziju nam se mo\u017eete obratiti putem e-maila na feminizam@transbalkan.org Prvi broj: DepatologizacijaDrugi broj: T(j)elesna autonomijaTre\u0107i broj: Reprezentacija\u010cetvrti broj: [&hellip;]<\/p>\n","protected":false},"author":1,"featured_media":0,"parent":0,"menu_order":0,"comment_status":"closed","ping_status":"closed","template":"elementor_theme","meta":{"_acf_changed":false,"footnotes":""},"class_list":["post-111","page","type-page","status-publish","hentry"],"acf":[],"aioseo_notices":[],"_links":{"self":[{"href":"https:\/\/transbalkan.org\/platforma\/wp-json\/wp\/v2\/pages\/111","targetHints":{"allow":["GET"]}}],"collection":[{"href":"https:\/\/transbalkan.org\/platforma\/wp-json\/wp\/v2\/pages"}],"about":[{"href":"https:\/\/transbalkan.org\/platforma\/wp-json\/wp\/v2\/types\/page"}],"author":[{"embeddable":true,"href":"https:\/\/transbalkan.org\/platforma\/wp-json\/wp\/v2\/users\/1"}],"replies":[{"embeddable":true,"href":"https:\/\/transbalkan.org\/platforma\/wp-json\/wp\/v2\/comments?post=111"}],"version-history":[{"count":24,"href":"https:\/\/transbalkan.org\/platforma\/wp-json\/wp\/v2\/pages\/111\/revisions"}],"predecessor-version":[{"id":1084,"href":"https:\/\/transbalkan.org\/platforma\/wp-json\/wp\/v2\/pages\/111\/revisions\/1084"}],"wp:attachment":[{"href":"https:\/\/transbalkan.org\/platforma\/wp-json\/wp\/v2\/media?parent=111"}],"curies":[{"name":"wp","href":"https:\/\/api.w.org\/{rel}","templated":true}]}}