{"id":618,"date":"2023-06-14T13:57:23","date_gmt":"2023-06-14T13:57:23","guid":{"rendered":"https:\/\/transbalkan.org\/platforma\/?page_id=618"},"modified":"2023-11-27T11:40:16","modified_gmt":"2023-11-27T11:40:16","slug":"impressum","status":"publish","type":"page","link":"https:\/\/transbalkan.org\/platforma\/impressum\/","title":{"rendered":"Impressum"},"content":{"rendered":"\n<p style=\"font-size:28px\"><strong>Trans Feministi\u010dka plaTForma<\/strong><\/p>\n\n\n\n<p><strong>Naklada\/izdava\u010di:<\/strong><\/p>\n\n\n\n<blockquote class=\"wp-block-quote is-layout-flow wp-block-quote-is-layout-flow\">\n<p style=\"font-style:normal;font-weight:400\">Trans Mre\u017ea Balkan<br>Jaru\u0161\u010dica 5,<br>10 000 Zagreb, Hrvatska<br><br>Asocijacija Spektra<br>Njegoseva 14<br>81 000 Podgorica, Crna Gora<br><br>Talas TIRV<br>Beograd, Srbija<br><br>kolekTIRV<br>Ilica 139,<br>10 000 Zagreb, Hrvatska<\/p>\n<\/blockquote>\n\n\n\n<p><strong>Glavni urednik<\/strong>:<\/p>\n\n\n\n<blockquote class=\"wp-block-quote is-layout-flow wp-block-quote-is-layout-flow\">\n<p style=\"font-style:normal;font-weight:400\">Aleksa Milanovi\u0107<\/p>\n<\/blockquote>\n\n\n\n<p><strong>Godina izdavanja:<\/strong><\/p>\n\n\n\n<blockquote class=\"wp-block-quote is-layout-flow wp-block-quote-is-layout-flow\">\n<p style=\"font-style:normal;font-weight:400\">Prvi broj 2022.<\/p>\n\n\n\n<p style=\"font-style:normal;font-weight:400\">Drugi broj 2023.<\/p>\n\n\n\n<p>Tre\u0107i broj 2023.<\/p>\n<\/blockquote>\n\n\n\n<p><strong>U\u010destalost izdavanja:<\/strong><\/p>\n\n\n\n<blockquote class=\"wp-block-quote is-layout-flow wp-block-quote-is-layout-flow\">\n<p style=\"font-style:normal;font-weight:400\">Tri broja godi\u0161nje<\/p>\n<\/blockquote>\n","protected":false},"excerpt":{"rendered":"<p>Trans Feministi\u010dka plaTForma Naklada\/izdava\u010di: Trans Mre\u017ea BalkanJaru\u0161\u010dica 5,10 000 Zagreb, Hrvatska Asocijacija SpektraNjegoseva 1481 000 Podgorica, Crna Gora Talas TIRVBeograd, Srbija kolekTIRVIlica 139,10 000 Zagreb, Hrvatska Glavni urednik: Aleksa Milanovi\u0107 Godina izdavanja: Prvi broj 2022. Drugi broj 2023. Tre\u0107i broj 2023. U\u010destalost izdavanja: Tri broja godi\u0161nje<\/p>\n","protected":false},"author":1,"featured_media":0,"parent":0,"menu_order":0,"comment_status":"closed","ping_status":"closed","template":"","meta":{"_acf_changed":false,"footnotes":""},"class_list":["post-618","page","type-page","status-publish","hentry"],"acf":[],"aioseo_notices":[],"_links":{"self":[{"href":"https:\/\/transbalkan.org\/platforma\/wp-json\/wp\/v2\/pages\/618","targetHints":{"allow":["GET"]}}],"collection":[{"href":"https:\/\/transbalkan.org\/platforma\/wp-json\/wp\/v2\/pages"}],"about":[{"href":"https:\/\/transbalkan.org\/platforma\/wp-json\/wp\/v2\/types\/page"}],"author":[{"embeddable":true,"href":"https:\/\/transbalkan.org\/platforma\/wp-json\/wp\/v2\/users\/1"}],"replies":[{"embeddable":true,"href":"https:\/\/transbalkan.org\/platforma\/wp-json\/wp\/v2\/comments?post=618"}],"version-history":[{"count":4,"href":"https:\/\/transbalkan.org\/platforma\/wp-json\/wp\/v2\/pages\/618\/revisions"}],"predecessor-version":[{"id":690,"href":"https:\/\/transbalkan.org\/platforma\/wp-json\/wp\/v2\/pages\/618\/revisions\/690"}],"wp:attachment":[{"href":"https:\/\/transbalkan.org\/platforma\/wp-json\/wp\/v2\/media?parent=618"}],"curies":[{"name":"wp","href":"https:\/\/api.w.org\/{rel}","templated":true}]}}